is the tens digit of 2502?
0
What is the tens digit of 266?
6
What is the units digit of 2710?
0
What is the thousands digit of 11070?
1
What is the tens digit of 786?
8
What is the hundreds digit of 4545?
5
What is the ten thousands digit of 31379?
3
What is the tens digit of 860?
6
What is the tens digit of 544?
4
What is the units digit of 307?
7
What is the thousands digit of 3678?
3
What is the hundreds digit of 874?
8
What is the thousands digit of 59775?
9
What is the hundreds digit of 5779?
7
What is the tens digit of 2463?
6
What is the thousands digit of 1019?
1
What is the ten thousands digit of 15721?
1
What is the thousands digit of 95746?
5
What is the thousands digit of 54236?
4
What is the thousands digit of 5020?
5
What is the thousands digit of 1835?
1
What is the units digit of 7088?
8
What is the tens digit of 2718?
1
What is the thousands digit of 11549?
1
What is the ten thousands digit of 73894?
7
What is the tens digit of 22193?
9
What is the units digit of 15483?
3
What is the tens digit of 540?
4
What is the hundreds digit of 14100?
1
What is the hundreds digit of 29281?
2
What is the hundreds digit of 2256?
2
What is the units digit of 10775?
5
What is the tens digit of 738?
3
What is the hundreds digit of 4312?
3
What is the ten thousands digit of 47234?
4
What is the units digit of 3505?
5
What is the units digit of 1607?
7
What is the units digit of 1889?
9
What is the units digit of 4145?
5
What is the units digit of 4258?
8
What is the hundreds digit of 17068?
0
What is the units digit of 516?
6
What is the units digit of 8577?
7
What is the tens digit of 3770?
7
What is the ten thousands digit of 46636?
4
What is the hundreds digit of 27025?
0
What is the units digit of 2937?
7
What is the thousands digit of 25907?
5
What is the tens digit of 1248?
4
What is the units digit of 78373?
3
What is the hundreds digit of 16010?
0
What is the hundreds digit of 12492?
4
What is the units digit of 44621?
1
What is the units digit of 20660?
0
What is the units digit of 2029?
9
What is the units digit of 3177?
7
What is the units digit of 8911?
1
What is the units digit of 206?
6
What is the thousands digit of 2135?
2
What is the thousands digit of 1792?
1
What is the thousands digit of 1749?
1
What is the thousands digit of 8700?
8
What is the tens digit of 1385?
8
What is the hundreds digit of 830?
8
What is the tens digit of 604?
0
What is the tens digit of 45066?
6
What is the tens digit of 14482?
8
What is the ten thousands digit of 94473?
9
What is the units digit of 357?
7
What is the tens digit of 1297?
9
What is the thousands digit of 55262?
5
What is the tens digit of 29403?
0
What is the tens digit of 5290?
9
What is the units digit of 3346?
6
What is the thousands digit of 1365?
1
What is the hundreds digit of 93761?
7
What is the ten thousands digit of 51776?
5
What is the thousands digit of 34818?
4
What is the units digit of 2477?
7
What is the hundreds digit of 28710?
7
What is the tens digit of 15407?
0
What is the hundreds digit of 145043?
0
What is the thousands digit of 17691?
7
What is the tens digit of 69489?
8
What is the tens digit of 2129?
2
What is the units digit of 19096?
6
What is the tens digit of 3643?
4
What is the hundreds digit of 453?
4
What is the tens digit of 700?
0
What is the units digit of 18205?
5
What is the units digit of 657?
7
What is the hundreds digit of 8280?
2
What is the tens digit of 4828?
2
What is the hundreds digit of 12836?
8
What is the units digit of 3995?
5
What is the hundreds digit of 51777?
7
What is the hundreds digit of 2689?
6
What is the tens digit of 4482?
8
What is the tens digit of 2972?
7
What is the units digit of 11346?
6
What is the ten thousands digit of 11211?
1
What is the units digit of 814?
4
What is the units digit of 165?
5
What is the units digit of 12771?
1
What is the thousands digit of 2437?
2
What is the units digit of 917?
7
What is the tens digit of 2829?
2
What is the hundreds digit of 68159?
1
What is the ten thousands digit of 18186?
1
What is the units digit of 2117?
7
What is the hundreds digit of 1041?
0
What is the thousands digit of 9168?
9
What is the thousands digit of 2859?
2
What is the units digit of 4407?
7
What is the tens digit of 1274?
7
What is the tens digit of 2003?
0
What is the tens digit of 910?
1
What is the tens digit of 15357?
5
What is the hundreds digit of 8287?
2
What is the thousands digit of 82569?
2
What is the thousands digit of 10588?
0
What is the tens digit of 591?
9
What is the hundreds digit of 25964?
9
What is the tens digit of 687?
8
What is the thousands digit of 154847?
4
What is the hundreds digit of 4348?
3
What is the tens digit of 118?
1
What is the units digit of 194?
4
What is the units digit of 1211?
1
What is the tens digit of 18127?
2
What is the hundred thousands digit of 178370?
1
What is the thousands digit of 5499?
5
What is the tens digit of 5493?
9
What is the thousands digit of 18593?
8
What is the hundreds digit of 2842?
8
What is the tens digit of 3797?
9
What is the units digit of 748?
8
What is the tens digit of 11098?
9
What is the thousands digit of 1316?
1
What is the tens digit of 309?
0
What is the tens digit of 35366?
6
What is the units digit of 961?
1
What is the hundreds digit of 13228?
2
What is the hundreds digit of 9912?
9
What is the hundreds digit of 4168?
1
What is the units digit of 26223?
3
What is the thousands digit of 79792?
9
What is the ten thousands digit of 74179?
7
What is the units digit of 67125?
5
What is the tens digit of 748?
4
What is the tens digit of 1767?
6
What is the tens digit of 18242?
4
What is the units digit of 1046?
6
What is the units digit of 451?
1
What is the thousands digit of 74463?
4
What is the units digit of 3644?
4
What is the tens digit of 11057?
5
What is the thousands digit of 9925?
9
What is the thousands digit of 3613?
3
What is the units digit of 6791?
1
What is the units digit of 5393?
3
What is the hundreds digit of 2901?
9
What is the tens digit of 3062?
6
What is the tens digit of 6275?
7
What is the tens digit of 296?
9
What is the tens digit of 526?
2
What is the thousands digit of 10366?
0
What is the tens digit of 5247?
4
What is the units digit of 1225?
5
What is the units digit of 3013?
3
What is the units digit of 8516?
6
What is the hundreds digit of 678?
6
What is the tens digit of 10?
1
What is the units digit of 9886?
6
What is the tens digit of 5473?
7
What is the tens digit of 1383?
8
What is the hundreds digit of 980?
9
What is the tens digit of 21?
2
What is the ten thousands digit of 48618?
4
What is the hundreds digit of 2464?
4
What is the hundreds digit of 7425?
4
What is the hundreds digit of 1458?
4
What is the hundreds digit of 1290?
2
What is the tens digit of 38714?
1
What is the tens digit of 28141?
4
What is the units digit of 19351?
1
What is the tens digit of 2337?
3
What is the hundreds digit of 965?
9
What is the units digit of 445?
5
What is the ten thousands digit of 24629?
2
What is the tens digit of 111?
1
What is the tens digit of 4921?
2
What is the units digit of 1412?
2
What is the tens digit of 10311?
1
What is the units digit of 1451?
1
What is the tens digit of 11045?
4
What is the thousands digit of 94053?
4
What is the units digit of 1894?
4
What is the hundreds digit of 11951?
9
What is the tens digit of 10455?
5
What is the tens digit of 698?
9
What is the ten thousands digit of 20162?
2
What is the hundreds digit of 5367?
3
What is the units digit of 26789?
9
What is the hundreds digit of 776?
7
What is the hundreds digit of 2479?
4
What is the tens digit of 1250?
5
What is the hundreds digit of 12587?
5
What is the ten thousands digit of 14060?
1
What is the hundreds digit of 1117?
1
What is the hundreds digit of 720?
7
What is the units digit of 7661?
1
What is the hundreds digit of 3423?
4
What is the hundreds digit of 11614?
6
What is the ten thousands digit of 22527?
2
What is the ten thousands digit of 28140?
2
What is the ten thousands digit of 15596?
1
What is the ten thousands digit of 84573?
8
What is the tens digit of 40637?
3
What is the units digit of 3651?
1
What is the hundreds digit of 11103?
1
What is the units digit of 684?
4
What is the tens digi